v + 576 = -s. What is the greatest common divisor of v and 10?
10
Let t = 111 - 90. Suppose t*f = -6 + 741. Calculate the highest common factor of 35 and f.
35
Let g be -9 - (0 + 2)/2. Let d be (-52)/g - (-2)/(-10). Suppose v = -x + 21, -20*v + x - 51 = -23*v. Calculate the greatest common divisor of d and v.
5
Let n be (2 - -993)*(-10)/((-350)/(-21)). Let o = 750 + n. Calculate the highest common factor of 3 and o.
3
Suppose 4*c - 129 = -3*q, 1195 = -c - 2*q + 1221. What is the highest common divisor of 306 and c?
18
Suppose -2*y - 24 = -5*r, -2*y = r - 36 + 24. What is the greatest common factor of r and 1257?
3
Let n be (-2720)/152 + (-2)/19. Let c be 268/24 - 15/n. Calculate the highest common factor of 432 and c.
12
Suppose 42*z + 19*z - 5551 = 0. Calculate the highest common factor of z and 1664.
13
Let u(h) = 167*h + 4576. Let i be u(-24). Calculate the highest common factor of 2698 and i.
142
Let i be (3 - 87)/(9/(-84)) + 3 + -7. Calculate the greatest common divisor of i and 1248.
156
Suppose -2*d + 49 = -5*s, -4*d + 4*s + 42 + 26 = 0. Let r = 18 - 26. Let h be 18/r*(-120)/9. What is the greatest common divisor of h and d?
6
Let f be 1 + 38 + 149 + -161. What is the greatest common factor of 180 and f?
9
Let i(x) = x**3 + 3. Let g be i(0). Suppose 208 = -14*b + 1972. Suppose 39 = 5*t - b. Calculate the highest common divisor of g and t.
3
Suppose -4*h + 1872 = 288. Suppose 3*a = w - 65, a + 227 = -3006*w + 3011*w. Calculate the greatest common factor of h and w.
44
Suppose -22*a + 29*a - 175 = 0. Suppose -1755 = -30*n + a*n. What is the greatest common factor of n and 39?
39
Let y be ((-310)/15)/(12/(-342)). Suppose -2*h = 5*t - 4*h - 153, -160 = -5*t - 5*h. Calculate the highest common factor of y and t.
31
Suppose 10 + 30 = 4*k. Let v be (-5)/2*(-21 - -17). Calculate the highest common factor of k and v.
10
Suppose 0 = -56*h - 2*h + 350991 - 98169. Calculate the highest common divisor of h and 6.
3
Suppose -5 + 59 = 9*i. Let x be 3/2*-2*5. Let c = x - -39. Calculate the highest common divisor of c and i.
6
Let m(f) be the first derivative of -9*f**2 - 222*f + 141. Let i be m(-13). Let y(w) = w - 3. Let t be y(6). Calculate the highest common factor of t and i.
3
Let p(j) = -4*j - 19. Let t be p(-26). Suppose 0 = -4*n - 3*g + 80 - 12, 5*g = -5*n + t. What is the highest common divisor of 119 and n?
17
Let i = 23 - 29. Let h be 204/36 - (0 + 2/i). Let t be (-1 + (0 - 1))/(h/(-48)). What is the greatest common divisor of t and 1?
1
Suppose 33*h - 908 - 1784 = -415. What is the highest common factor of h and 1679?
23
Suppose 2*v + 13*q = 42377, 4*q - 399 - 20777 = -v. Calculate the highest common divisor of v and 123.
123
Let c(a) = a**3 - 38*a**2 - 81*a + 60. Let y = -8 + 48. Let o be c(y). What is the highest common factor of 380 and o?
20
Suppose 1407 = 382*i - 438*i + 5215. What is the greatest common divisor of i and 968?
4
Suppose -29*a + 746 = -7*a - 2290. Calculate the highest common factor of 24 and a.
6
Let r(d) = -2*d**3 - 20*d**2 - 6*d + 51. Let s be r(-17). Calculate the greatest common factor of 26 and s.
13
Suppose -25*c + 4577 = 552. Calculate the highest common divisor of 91 and c.
7
Let t = 2 - 1. Let z = 101 - 94. Let d(b) = b**2 - b - 41. Let p be d(z). What is the highest common factor of t and p?
1
Let w = -4445 - -4489. Calculate the greatest common factor of 16 and w.
4
Let d(c) = -10*c - 175. Let p be d(-18). Suppose -p*q = -3*f - 420, -5*q = -f - 156 - 254. What is the highest common factor of 405 and q?
81
Let z(x) = -x**3 - 7*x**2 + 15*x + 62. Let u be z(-9). What is the highest common factor of 4361 and u?
89
Let x be 35 - ((-4)/(-16) + 119/(-28)). Let n(s) = 62*s - 144. Let u be n(4). What is the highest common divisor of u and x?
13
Let v be (4 + -2)*(12 + 1468/8). Calculate the greatest common divisor of 119 and v.
17
Let d be (-504)/(-32) - (-25)/20. What is the highest common factor of 1343 and d?
17
Let y = -69 + 124. Suppose -11*a + 70 = -1239. Suppose a = 29*t - 200. What is the highest common divisor of t and y?
11
Suppose 2*s - b - 4 = 0, 4 = -0*b + 2*b. Suppose -s*j + 3 = -6. Let y be 21 + -10 + -1*(-2)/(8/28). What is the greatest common factor of y and j?
3
Suppose 3*f = 2*w - 4*w + 37577, -5*f + 15 = 0. What is the greatest common divisor of w and 32?
32
Let j be 6*(-8)/144 + 13/3. Suppose j*q + 2*d - 16 = 16, d = -5*q + 43. Calculate the highest common divisor of 24 and q.
3
Suppose 7*w + 2423 = 2493. Let y be 4760/25 + 2/(-5). Calculate the greatest common factor of w and y.
10
Let f be (11 + -7 - -12) + -6. Let b be 44 + -3 + (11 - f). What is the greatest common factor of 105 and b?
21
Let c(z) = z**3 + 24*z**2 + 117*z + 2. Let r be c(-15). Calculate the highest common factor of r and 368.
16
Suppose -2*d = 3*n - 4*d - 596, -3*n = 2*d - 592. Suppose -4 + 4 = 6*g. Suppose 2*b = -o + b + 23, b - 5 = g. Calculate the greatest common divisor of n and o.
18
Suppose 8*n - 24 = 4*n. Let i = 61 - n. Let v(u) = 6*u**2 + 2*u + 1. Let b be v(-1). What is the highest common divisor of i and b?
5
Let i(w) = w**2 - 2*w - 35. Let r be i(13). Let d = r + -103. Suppose 0 = -4*v - 1 - 3, d*v + 645 = 4*a. What is the greatest common divisor of 64 and a?
32
Suppose 7*y - 3*y = 68. Let j(l) = l**3 + 3*l**2 + l + 3. Let v be -3 + 3 - (-1 - 1 - 2). Let f be j(v). Calculate the greatest common divisor of f and y.
17
Let h(i) = 26*i**3 + i**2 + 8*i + 6. Let s be h(5). Calculate the greatest common factor of s and 243.
81
Let l(a) = -15*a - 101. Let h be l(-8). Let g(t) = t**2 - 19*t + 21. Let f be g(25). Calculate the highest common divisor of f and h.
19
Let b be 56/(-1)*(-4578)/(-35)*(-60)/48. What is the highest common factor of b and 84?
84
Let l be (4 + -2)/(34/153). Let d be (-45)/(-7) - (l/21 - 0). Calculate the greatest common factor of d and 8.
2
Suppose 123 = 4*w + 3*a, a + 6 = w - 23. Let x = 57 - w. Let g be (2916/1134)/(1/14). Calculate the highest common factor of g and x.
9
Suppose -13*w = 1347 + 1487. Let i be w/(-12) + (-9)/54. Let f(u) = -u**3 - 9*u**2 - 9*u + 4. Let y be f(-8). What is the greatest common divisor of i and y?
6
Let x(l) = -2*l + 39. Let n be x(0). Suppose -4*t + 50 = 5*k - 96, -4*t + 2*k = -160. What is the greatest common factor of n and t?
39
Suppose 4 = y, 5*h - 4*y - 145 = -9*y. Let k be 1*-1*95/76*(-1)/((-3)/(-12)). What is the highest common factor of k and h?
5
Let j = 5 + -54. Let s = j + 73. Let r = 8 - -4. What is the greatest common factor of s and r?
12
Suppose 11*p - 14 = 4*p. Let q(l) = 6*l**3 - 4*l**2 + 5*l - 4. Let h be q(p). Calculate the highest common divisor of h and 38.
38
Let x be (-6 - 2025/(-36))/(6/16). Suppose -x*z + 17328 = -118*z. What is the greatest common factor of z and 19?
19
Suppose -1396 = -7*v + 95. Let s = v - 205. What is the greatest common factor of s and 248?
8
Let z(k) = 190*k - 1884. Let s be z(10). What is the greatest common divisor of s and 5744?
16
Let k be 2 - (-3 - -3) - -34. Let r = 101 - 97. Suppose 0 = -w + r*y + 16, 3*w + 2*y - 34 = 0. What is the highest common divisor of k and w?
12
Suppose -s = 5, -5 = 3*w - 4*s - 22. Let x(o) = 18*o**2 + 2. Let k be x(w). Suppose -24*b + k*b + 300 = 0. What is the greatest common divisor of 30 and b?
15
Suppose 4*v = 433 - 73. Let f(n) = 2*n**2 + 10*n + 2. Let h be f(-7). Suppose h*b + 9 = 1629. Calculate the greatest common divisor of b and v.
18
Suppose -249*w + 121 = -238*w. What is the highest common factor of 2816 and w?
11
Let l be (-249)/(-3) - (-24 - -17). Let n be 106 - (-3 + -2 + 3 + 0). What is the highest common factor of l and n?
18
Let z be (1 - 2)/1 + 169. Suppose 610 = 4*n - 290. Let l = -183 + n. Calculate the greatest common divisor of z and l.
42
Suppose -24*h + 57 - 9 = 0. Suppose 0 = 3*j + h*q - 30, -23*j = -20*j - 5*q - 30. Let s = 9 - 1. Calculate the greatest common divisor of s and j.
2
Let m be (6/4 - 1)/((-6)/(-504)). Let o = -38 + m. Let k(f) = 8*f - 14. Let g be k(o). Calculate the highest common factor of g and 18.
18
Suppose -2*k - 4 = -28. Let g(u) = 18*u + 354. Let q = 34 + -51. Let c be g(q). What is the greatest common divisor of k and c?
12
Suppose 9*c + 3*c - 60 = 0. Suppose 0 = 2*r - 4*v - 412, -r - 2*v = -c*v - 209. Calculate the highest common fac